vative of z**4/12 + 5*z**3/6 - 2*z**2 - 39*z. Calculate n(s).
2
Let i(x) be the first derivative of -4*x**2 - 5*x + 3. Let t(g) = 7*g + 4. Let q(a) = -6*i(a) - 7*t(a). What is q(-3)?
5
Suppose -r - 2*f = 2*r + 77, -3*r + 2*f = 85. Let k = -32 - r. Let p(c) = -c**3 - 6*c**2 - 5*c - 3. Calculate p(k).
-3
Let s(w) be the third derivative of -w**5/60 - w**4/24 - w**2. Let o be ((-2)/((-2)/3))/(6 - 7). Give s(o).
-6
Let x(p) be the third derivative of p**5/60 - p**4/24 - p**3 - 2*p**2. What is x(0)?
-6
Let n = 36 - 51. Let y be n/9*(-3)/(-1). Let p(v) = -v**3 - 5*v**2 + v - 2. What is p(y)?
-7
Let d be 4/16 + 7/4. Let f(p) = 6*p**d - 8*p - 5*p**2 - 6 + p**2 - 3*p**2. Give f(-5).
9
Let i(h) = 117 - 4*h + 5*h - 116. Suppose -4*w = 21 - 5. Give i(w).
-3
Suppose 51*l = 63*l - 24. Let v(y) be the first derivative of 5*y**3/3 - 2*y - 1. Let i(q) = -4*q**2 + q + 1. Let p(g) = -3*i(g) - 2*v(g). Calculate p(l).
3
Let j(b) = -b - 6*b**2 - 4*b**2 + 9*b**2 + 6. Determine j(0).
6
Let y(v) = -v. Let j(b) = -b**2 + 8*b + 4. Let u be j(6). Suppose 3*q + q = u. Calculate y(q).
-4
Let j(v) = -v + 1. Let w be j(-2). Let m(o) = 5*o**3 - 5*o**2 - o - 1. Let f(u) = -6*u**3 + 6*u**2 + 2. Let a(p) = -4*f(p) - 5*m(p). Determine a(w).
-6
Let u(a) = -2 - 2*a + 2*a**2 - 3*a**2 + 3*a. Suppose 3*v = -5*t + 21, 7 = -4*v + t + 4*t. Suppose -5*j + 20 = 5*d, 2*d - 6*j + v*j = -16. Determine u(d).
-2
Let w be 1*(-2 + (3 - 2)). Let x(j) = -8*j - 1. Give x(w).
7
Let n(f) be the first derivative of -f**4/4 + 2*f**3 + f**2 - 4*f - 13. Determine n(6).
8
Let l(c) = c + 1. Let u(w) = 4*w**2 + 4. Let k(j) = 5*j**2 + 5. Let n(h) = -3*k(h) + 4*u(h). Let y = 8 + -7. Let o(r) = y*n(r) + l(r). What is o(-2)?
4
Let v = 21 - 21. Let a(t) be the first derivative of t**2/2 - 2*t - 1. Calculate a(v).
-2
Let h(n) = 3*n + 15. Let d(x) = 5*x + 24. Let r(c) = 5*d(c) - 8*h(c). Suppose -2*z = -4*u + 6, 6*u - u = -2*z + 21. Determine r(u).
3
Let v(s) = -s + 3. Let p be v(6). Let d be 2/p*(-9)/(-6). Let n(u) be the third derivative of u**5/10 - u**4/24 - 2*u**2. What is n(d)?
7
Let c be ((-6)/1)/(9/6). Let h(d) = d**2 + 5*d + 2. Let w be h(c). Let o = -3 + w. Let q(a) = -a**3 - 6*a**2 - 5*a. What is q(o)?
0
Let f(o) be the first derivative of -o**3/6 - o**2 + 2*o + 1. Let t(m) be the first derivative of f(m). Let v = 15 - 20. Give t(v).
3
Suppose 0 = -19*c + 16*c. Let v(i) = -i**2. Let f(p) = -4*p**2 - p + 9. Let j(h) = f(h) - 3*v(h). Determine j(c).
9
Suppose -y + 4*y = 18. Let b be (y + -1)/((-2)/(-2)). Let f(h) = -h**3 + 5*h**2 - 2*h + 3. Determine f(b).
-7
Let h be ((-10)/(-20))/((-2)/4). Let y be (1*-10)/(-2) + h. Let q(j) = -j**2 + 4*j - 1. Calculate q(y).
-1
Let g(i) = 1 - 3 + 5*i + 8 - 6*i**2 + 3*i**3 - 2*i**3. Determine g(5).
6
Let g be 112/(-196) - 4/(-7). Let h(p) = p**3 - p**2 - 8. Calculate h(g).
-8
Let p = 54 - 32. Suppose -b + p = b - 4*i, -3*i = -3*b + 21. Let c(l) = 4*l - 1. Calculate c(b).
11
Suppose -j + 1 = -b, -j + 3*b = -3*j + 22. Let v(p) = -p - j + 6 + 2*p. Let d = -28 - -32. What is v(d)?
5
Suppose -4*f = -3*k + 9, -5*k + 15 = -0*f - f. Suppose -2*o + 7*o = f. Let g(p) = p - 1. Give g(o).
-1
Let b(q) = -2*q**3 - 4*q**2 - 3*q. Let w be (-1)/(3/(-15)) - 1. Suppose v = 5 - 2. Suppose -2 = v*f + w. Determine b(f).
6
Let c(b) = b + 5. Suppose 3*p = 5*p. Give c(p).
5
Let l(v) = v**3 - 9*v**2 - 9*v - 4. Let t be l(10). Let u(i) = -i**2 + 8*i - 3. Calculate u(t).
9
Let y(j) = -j**2 + 6*j - 3. Let n = 8 - 3. Calculate y(n).
2
Let d(m) be the second derivative of -m**5/20 - 7*m**4/12 - m**3 + 2*m**2 - 13*m. Determine d(-5).
-16
Let t(x) be the third derivative of -x**6/120 - x**5/6 - x**4/3 + 5*x**3/6 + 4*x**2 - x. What is t(-9)?
-4
Let c be (2/3)/((-2)/(-6)). Let a = c - 0. Let v(x) = -x. Let l(p) = -3*p + 1. Let k(s) = 3*l(s) - 5*v(s). Give k(a).
-5
Let x(n) = -7*n + 3. Let j be x(2). Let u = j - -16. Suppose -d - 5*s + u = 3*d, 3*s - 3 = d. Let q(r) = -r + 10. Determine q(d).
10
Let y(p) = 7*p - 1. Let f(k) = -6*k + 1. Let b(s) = 6*f(s) + 5*y(s). What is b(7)?
-6
Let d be (6/9)/(4/30). Suppose -d*b + 4 = -6. Let z(w) = -2*w + w**b + 0*w**2 - 2*w. Give z(3).
-3
Let w(g) = -7*g + 19. Let m(u) = u - 3. Let z(r) = 39*m(r) + 6*w(r). Let i be z(-2). Suppose -j = -0 - i. Let d(s) = -s**2 + 5*s - 4. Calculate d(j).
2
Let b(v) = v - 1. Let r(m) = -m**2 + 18*m + 16. Suppose d + 76 = 5*d. Let s be r(d). Determine b(s).
-4
Let y(f) = f**3 - 11*f**2 - 8*f - 12. Let g(u) = u**3 - 10*u**2 - 8*u - 12. Let m(c) = -3*g(c) + 2*y(c). Determine m(9).
3
Let u be -1*(-4 - -1) + (-4)/(-2). Let k(x) = -x**3 + 6*x**2 - 5*x - 5. Calculate k(u).
-5
Suppose -4*b = -b + 21. Let u(p) = -p**2 - 5*p - 5. Calculate u(b).
-19
Let s(q) be the second derivative of -q**4/12 - 2*q**3/3 + 3*q**2/2 - 2*q. Suppose -3*r + 2*r + 2 = 0. Determine s(r).
-9
Let g = -1 - -3. Let t(l) = -7*l - 8*l**2 - l**g + 15*l**2 - 5*l**2 + 2. Determine t(7).
2
Let b(z) = 29*z - 7 - 51*z + 21*z. Calculate b(-3).
-4
Let n(x) = -x**2 - x + 1. Let t(w) = 0 + 3*w - 3 + 2 - 7 + 3*w**2. Let f(j) = -4*n(j) - t(j). Let l = -7 - -4. Determine f(l).
10
Let m(c) = -2*c - 1. Suppose -w = 3*d + w - 9, -20 = -5*d - 5*w. Determine m(d).
-3
Let q(g) be the third derivative of -g**6/120 + 7*g**5/60 - g**4/3 + g**3 - 16*g**2. What is q(6)?
-6
Suppose 2*h = -2*h + 16. Let x be h/(-14) - (-66)/(-14). Let l(z) = z + 1. Let s(g) = -2. Let b(a) = -l(a) + s(a). Determine b(x).
2
Suppose -5 = m + 2. Let r(a) = -3*a**2 - 7*a - 1. Let f(w) = -5*w**2 - 13*w - 2. Let k(g) = m*r(g) + 4*f(g). Determine k(4).
3
Let m(k) = -9*k**2 + 1. Let j be (-7 - 0) + 5 + 2 + -1. Give m(j).
-8
Let k = 3 - 1. Let v(s) = -7*s + 3. Give v(k).
-11
Let m(i) be the second derivative of -i**3/6 - 7*i**2/2 + 10*i. Calculate m(-9).
2
Let r(k) = k - 2*k + 3*k + 7. Give r(-5).
-3
Let l(x) = 1. Let v(q) = -q + 7. Let d(a) = 3*l(a) - v(a). Let k be -1*5*(-4)/(-4). Calculate d(k).
-9
Let r(o) be the second derivative of -o**5/20 + o**4/12 + o**3/6 - o**2/2 - 7*o. Determine r(3).
-16
Let i(g) = -g - 11. Suppose 18 = -5*x - 3*h + 6*h, -5*h = 2*x + 32. Let a(f) = 1. Let k(t) = x*a(t) - i(t). Give k(-3).
2
Let c(q) = q**2 + 6*q + 6. Let h be c(-5). Let k(s) = -2*s - 1. Calculate k(h).
-3
Let y(k) = 6 + 4*k - 6 + 6 + k**2. Suppose -6*p - 16 = -2*p. Determine y(p).
6
Let g(v) = v**3 + v**2 - 5. Suppose -3*k - 3*r + 14 = 2*k, 0 = 2*k + 4*r. Suppose -y + k = -0*y. Let j be y/(-6) + 10/15. Determine g(j).
-5
Let l(f) = -f + 6. Suppose 2*k - 3*d - 11 = 16, 0 = k - 3*d - 6. Let y be 6/k + (-18)/14. Let s = y - -1. What is l(s)?
6
Let o = 25 + -22. Let w(t) be the third derivative of -t**o + 0*t - 3*t**2 + 0 - 1/60*t**5 - 7/24*t**4. Give w(-4).
6
Let q be (-2 - 12/(-10))*5. Let f be (q/6)/((-3)/9). Let p(g) = -f*g - g + g + 3*g. Calculate p(-2).
-2
Suppose 3*f - 5 = -4*l, -l = 2*f + 3*f - 14. Let c(t) = t - 2. Let k(i) = 2*i - 3. Let b(u) = -5*c(u) + 3*k(u). Determine b(l).
0
Suppose -6*b = -5*b + 3. Let l be 2*2*b/(-6). Let h(q) = q**3 - 2*q**2 - 2*q + 2. What is h(l)?
-2
Let w(t) = t. Let z(l) = -2*l - 2. Suppose 0 = -3*a + 3*q, 2*a + 2 = 3*a + q. Let j(c) = a*z(c) + 4*w(c). Determine j(5).
8
Let o be (1 - 27/6)*(11 + -9). Let c(q) = -q**2 - 5*q + 2. Calculate c(o).
-12
Let p = -10 + 14. Suppose 11 = -4*t + 3*q, -1 - 6 = -t + p*q. Let w(u) = -u**3 - 6*u**2 - 4*u - 2. Determine w(t).
-7
Let u(q) = q**2 + 4. Let x be u(0). Suppose -4*k + x = -6*k. Let j(l) = 4*l - 5. Let g(t) = 3*t - 4. Let y(c) = -3*g(c) + 2*j(c). Give y(k).
4
Let s(j) = -3*j. Let p(d) = -5*d + 13. Let z(u) = -6*u + 13. Let m(y) = -4*p(y) + 3*z(y). Let a be m(6). What is s(a)?
3
Let v(d) be the second derivative of -5*d**3/6 - 3*d**2/2 - d. Let u = 102 + -104. What is v(u)?
7
Suppose -5*y - 5*y = -50. Let a(w) be the second derivative of 0*w**4 + 0*w**2 + 7/20*w**y - 2*w + 0*w**3 + 0. Give a(-1).
-7
Let o be (-6)/15 - (-46)/(-10). Let g(u) be the second derivative of -u**4/12 - 2*u**3/3 + u**2 + u. Let h(y) be the first derivative of g(y). Determine h(o).
6
Let o(f) = 304 - 301 - 3*f**2 - 3*f - f**3 + 5*f**2. Give o(2).
-3
Suppose 5*z - 18 = 3*r, 6*z - 12 = z - 3*r. Let l(d) = 6*d - 1. Give l(z).
17
Suppose 0 = -3*t + d + 20, 3*t + 14 - 49 = 4*d. Let y(g) be the third derivative of 0*g - 1/60*g**5 + 7*g**2 + 5/24*g**4 + g**3 + 0. Determine y(t).
6
L